{"id":941,"date":"2015-09-19T23:16:21","date_gmt":"2015-09-19T21:16:21","guid":{"rendered":"http:\/\/espiritualidad-cuantica.es\/?page_id=941"},"modified":"2015-09-19T23:39:41","modified_gmt":"2015-09-19T21:39:41","slug":"una-explicacion-breve-de-el-modelo","status":"publish","type":"page","link":"https:\/\/espiritualidad-cuantica.es\/?page_id=941","title":{"rendered":"Una explicaci\u00f3n \u201cbreve\u201d de \u201cEl Modelo\u201d"},"content":{"rendered":"<p>(Puede descargarse\u00a0un archivo .pdf <a href=\"http:\/\/espiritualidad-cuantica.es\/ElModelo.pdf\">aqui<\/a>)<\/p>\n<p>Bas\u00e1ndose en los resultados de los experimentos cient\u00edficos m\u00e1s recientes, en especial sobre F\u00edsica Cu\u00e1ntica, \u201cEl Modelo\u201d comienza con la premisa de que la \u201crealidad\u201d que vemos y experimentamos \u201cah\u00ed fuera\u201d no es \u201creal\u201d en absoluto, y que tampoco est\u00e1 \u201cah\u00ed fuera\u201d para nada. No existe una \u201crealidad\u201d s\u00f3lida, objetiva e independiente, sino una proyecci\u00f3n hologr\u00e1fica &#8211; creada para cada persona individual dentro de su cabeza \u2013 que se basa en frecuencias de onda escogidas en El Campo y descargadas en el cerebro humano.<\/p>\n<p>En este Modelo es el \u201cYo Infinito\u201d (desgraciadamente llamado a veces \u201cyo superior\u201d o \u201cconsciencia superior\u201d) quien escoge las frecuencias de onda espec\u00edficas para producir las experiencias hologr\u00e1ficas individuales. Este Yo Infinito crea un \u201cJugador\u201d para que lo represente (como \u201cavatar\u201d) en el Juego Humano.<\/p>\n<p>Al Jugador se le otorgan las suficientes consciencia y auto percepci\u00f3n para que sea capaz de ejercer su libre albedr\u00edo conforme reacciona y\/o responde a las experiencias que se va encontrando y que provienen de su Yo Infinito. Sin embargo, al hacer eso se desarrollan miedos, juicios, creencias y opiniones que afectan a la percepci\u00f3n de esas experiencias y crean limitaciones y restricciones en la vida. (\u00a1Imagina c\u00f3mo podr\u00eda ser la vida si padres, profesores y amigos no instilasen miedos, juicios, creencias y opiniones en el Jugador cuando crece!)<\/p>\n<p>Aunque las experiencias creadas por un Yo Infinito para su Jugador son \u201cneutras\u201d por naturaleza, los miedos, juicios, creencias y opiniones del Jugador provocan que perciba esas experiencias como \u201cbuenas\u201d o \u201cmalas\u201d, \u201ccorrectas\u201d o \u201cerr\u00f3neas\u201d, \u201cmejores\u201d o \u201cpeores\u201d. (En cierto sentido limitado, el Jugador <em>crea<\/em> su propia realidad al percibir esas experiencias a trav\u00e9s de sus miedos, juicios, creencias y opiniones, aunque <em>no crea<\/em> las experiencias mismas). El Jugador empieza a resistirse a las experiencias que percibe como \u201cmalas\u201d, \u201cincorrectas\u201d o \u201cpeores\u201d, y enseguida comienza a emplear la mayor parte de su tiempo en creerse una v\u00edctima o en intentar arreglar, cambiar o mejorar esas experiencias. En el Modelo esto es la Primera Parte del Juego Humano, que consiste en una espiral menguante de limitaciones y restricciones.<\/p>\n<p>Cuando est\u00e1 preparado para que su Jugador salga de esta espiral menguante del \u201cEgo\u201d, el Yo Infinito ofrece m\u00faltiples oportunidades (que se repiten a menudo, o al menos son parecidas) para que el Jugador abandone sus miedos, juicios, creencias y opiniones. El Yo Infinito crea experiencias para su Jugador que sacan a la luz esos miedos, juicios, creencias y opiniones de cara a que el Jugador las examine, si es que \u00e9ste desea hacerlo. En el Modelo esto se llama Segunda Parte del Juego Humano.<\/p>\n<p>La felicidad verdadera, la \u201clibertad definitiva\u201d y la paz de esp\u00edritu (la Tercera Parte del Juego Humano) son posibles solamente cuando el Jugador puede abandonar sus miedos, juicios, creencias y opiniones \u2013 esencialmente, abandonar su \u201cEgo\u201d \u2013 y comienza a percibir las experiencias creadas para ello por su Yo Infinito como completamente \u201cneutrales\u201d, y por consiguiente, reacciona\/responde a <strong><em>TODAS<\/em><\/strong> las experiencias con las que se encuentra, sean las que sean, con alegr\u00eda y entusiasmo similares. Abandonar los miedos, juicios, creencias y opiniones puede llevarse a cabo de varias formas. El Proceso y la Autolisis Espiritual que se mencionan en el libro son s\u00f3lo dos de ellas.<\/p>\n<p>Sin embargo, la mayor\u00eda de los Jugadores y la mayor\u00eda de las t\u00e9cnicas de \u201cautoayuda\u201d y de \u201ciluminaci\u00f3n espiritual\u201d se enfocan en intentar arreglar, cambiar o mejorar la \u201crealidad de ah\u00ed afuera\u201d para conseguir la Felicidad Verdadera, la \u201clibertad definitiva\u201d y la paz de esp\u00edritu. Trucos como la \u201cLey de Atracci\u00f3n\u201d y las \u201cT\u00e9cnicas de Visualizaci\u00f3n\/Manifestaci\u00f3n\u201d no funcionan (o lo hacen de forma anecd\u00f3tica), porque no es el Jugador quien crea sus experiencias (\u00a1eso lo hace su Yo Infinito!). El \u00fanico poder verdadero que tiene el Jugador es el de elegir sus reacciones en respuesta a esas experiencias. El Jugador puede cambiar sus reacciones en cualquier momento, simplemente cambiando sus percepciones al abandonar su Ego (miedos, juicios, creencias y opiniones).<\/p>\n<p>Existen tambi\u00e9n otras claves para la Felicidad Verdadera, la \u201clibertad definitiva\u201d y la paz de esp\u00edritu. Una es que el Jugador reconozca que NO es su Yo Infinito \u2013 sino simplemente un aspecto que su Yo Infinito ha creado con el prop\u00f3sito concreto de jugar el Juego Humano -, y que deje de intentar hacer el trabajo de su Yo Infinito, como es el de crear sus experiencias. Lo m\u00e1s verdadero que se puede decir acerca de \u201cqui\u00e9n eres t\u00fa <em>realmente<\/em>\u201d es que t\u00fa eres un Jugador, no un Yo Infinito (la auto percepci\u00f3n, la autoconsciencia y las capacidades del Jugador palidecen al compararlas con la consciencia, la percepci\u00f3n y las capacidades de un Yo Infinito). S\u00f3lo al Ego le gustar\u00eda que el Jugador pensase que \u201crealmente es\u201d su Yo Infinito, o que podr\u00eda convertirse en ello. La Felicidad Verdadera, la \u201clibertad definitiva\u201d y la paz de esp\u00edritu son posibles s\u00f3lo cuando el Jugador se rinde finalmente al hecho de que \u00e9l es un Jugador, y nada m\u00e1s; cuando est\u00e1 contento por ello y deja de intentar transformarse en algo \u201cm\u00e1s\u201d.<\/p>\n<p>Otra clave es que cuando el proceso de abandonar el Ego \u2013 sus miedos, juicios, creencias y opiniones \u2013 se lleva a cabo total y completamente, el Jugador abandona tambi\u00e9n no s\u00f3lo su miedo a la muerte, sino tambi\u00e9n a la no-existencia tras la misma y a la necesidad de ser un \u201calma inmortal\u201d (pr\u00e1cticamente todas las religiones existen como soluci\u00f3n al miedo a la no-existencia tras la muerte. Abandona ese miedo y ya no habr\u00e1 necesidad alguna de religi\u00f3n, que ha sido \u2013 y lo es hoy en especial \u2013 la fuente de casi todas las guerras y de mucho dolor y sufrimiento en el Juego Humano).<\/p>\n<p>Uno de los \u201cmilagros\u201d asombrosos del Juego Humano es que, aunque cada Jugador tiene su propia \u201crealidad\u201d, \u00fanica e independiente, tambi\u00e9n es capaz de interactuar con otros Jugadores que tienen <em>sus<\/em> propias \u201crealidades\u201d \u00fanicas e independientes, como dos o m\u00e1s m\u00e1quinas de realidad virtual que funcionasen juntas. No obstante, otra clave para la Felicidad Verdadera, la \u201clibertad definitiva\u201d y la paz de esp\u00edritu es que el Jugador se d\u00e9 cuenta de que no puede ser v\u00edctima de cualquier otro Jugador en circunstancia alguna, y de que se responsabilice plenamente de su propio estado en el Juego Humano. Al final, la \u201crealidad\u201d que experimenta cualquier Jugador es estrictamente suya \u2013 proyectada desde su propio cerebro \u2013 y de nadie m\u00e1s.<\/p>\n","protected":false},"excerpt":{"rendered":"<p>(Puede descargarse\u00a0un archivo .pdf aqui) Bas\u00e1ndose en los resultados de los experimentos cient\u00edficos m\u00e1s recientes, en especial sobre F\u00edsica Cu\u00e1ntica, \u201cEl Modelo\u201d comienza con la premisa de que la \u201crealidad\u201d que vemos y experimentamos \u201cah\u00ed fuera\u201d no es \u201creal\u201d en absoluto, y que tampoco est\u00e1 \u201cah\u00ed fuera\u201d para nada. No existe una \u201crealidad\u201d s\u00f3lida, objetiva [&hellip;]<\/p>\n","protected":false},"author":1,"featured_media":0,"parent":0,"menu_order":0,"comment_status":"closed","ping_status":"closed","template":"","meta":{"footnotes":""},"class_list":["post-941","page","type-page","status-publish","hentry"],"_links":{"self":[{"href":"https:\/\/espiritualidad-cuantica.es\/index.php?rest_route=\/wp\/v2\/pages\/941","targetHints":{"allow":["GET"]}}],"collection":[{"href":"https:\/\/espiritualidad-cuantica.es\/index.php?rest_route=\/wp\/v2\/pages"}],"about":[{"href":"https:\/\/espiritualidad-cuantica.es\/index.php?rest_route=\/wp\/v2\/types\/page"}],"author":[{"embeddable":true,"href":"https:\/\/espiritualidad-cuantica.es\/index.php?rest_route=\/wp\/v2\/users\/1"}],"replies":[{"embeddable":true,"href":"https:\/\/espiritualidad-cuantica.es\/index.php?rest_route=%2Fwp%2Fv2%2Fcomments&post=941"}],"version-history":[{"count":6,"href":"https:\/\/espiritualidad-cuantica.es\/index.php?rest_route=\/wp\/v2\/pages\/941\/revisions"}],"predecessor-version":[{"id":950,"href":"https:\/\/espiritualidad-cuantica.es\/index.php?rest_route=\/wp\/v2\/pages\/941\/revisions\/950"}],"wp:attachment":[{"href":"https:\/\/espiritualidad-cuantica.es\/index.php?rest_route=%2Fwp%2Fv2%2Fmedia&parent=941"}],"curies":[{"name":"wp","href":"https:\/\/api.w.org\/{rel}","templated":true}]}}