{"id":59,"date":"2012-07-22T19:14:03","date_gmt":"2012-07-22T19:14:03","guid":{"rendered":"http:\/\/butterfliesfree.com\/?page_id=59"},"modified":"2017-11-23T20:28:32","modified_gmt":"2017-11-23T19:28:32","slug":"synopsis-and-introduction","status":"publish","type":"page","link":"https:\/\/espiritualidad-cuantica.es\/?page_id=59","title":{"rendered":"Sinopsis e Introducci\u00f3n"},"content":{"rendered":"<p><strong>SINOPSIS<\/strong><\/p>\n<p>Cuando Nicol\u00e1s Cop\u00e9rnico descubri\u00f3 que la Tierra no era el centro del Universo, todo cambi\u00f3. Cuando Isaac Newton descubri\u00f3 la Ley de la Gravedad al ver caer una manzana, todo cambi\u00f3. Cuando Benjamin Franklin recogi\u00f3 electricidad de los rayos y Thomas Edison hizo la primera bombilla el\u00e9ctrica, todo cambi\u00f3. Hoy, cuando los f\u00edsicos cu\u00e1nticos se dan cuenta de que nuestro universo f\u00edsico no es real, que es s\u00f3lo un holograma, todo&#8230;\u00a1un momento! <em>n<\/em><em>ada<\/em> ha cambiado.<\/p>\n<p><em>Las mariposas vuelan libres<\/em> ofrece un acercamiento nuevo y radical a la evoluci\u00f3n espiritual, bas\u00e1ndose en los recientes experimentos cient\u00edficos sobre F\u00edsica Cu\u00e1ntica e investigaci\u00f3n del cerebro descritos en la Primera Parte. Dado que el universo f\u00edsico, que nos parece y sentimos tan real, es realmente una proyecci\u00f3n hologr\u00e1fica \u00fanica en nuestro cerebro, el autor examina varios modelos de vida y para la vida que son muy diferentes de los que nos han dicho y ense\u00f1ado.<\/p>\n<p>\u201c<em>Este es el \u00fanico pensamiento radical que tienes que hacer<\/em>,\u201d se cita que dijo el doctor Amit Goswami, \u201c<em>pero es muy radical, es muy dif\u00edcil porque nuestra tendencia es que el mundo ya est\u00e1 \u2018ah\u00ed fuera,\u2019 independiente de nuestra experiencia. No lo est\u00e1. La F\u00edsica Cu\u00e1ntica ha sido muy clara sobre ello<\/em>.\u201d<\/p>\n<p>Por ejemplo, en la Segunda Parte se nos presenta algo que el autor llama \u201cYo Infinito,\u201d que es quien crea nuestras experiencias hologr\u00e1ficas \u00fanicas. Luego est\u00e1 el \u201cModelo del Juego Humano,\u201d que ofrece explicaciones desde por qu\u00e9 experimentamos dolor y sufrimiento, hasta c\u00f3mo podemos cambiar nuestras reacciones y respuestas por medio de abandonar nuestros juicios, creencias, opiniones y miedos. La consecuencia final, propone el autor, es ir pelando todas las capas de identidades falsas que conforman el \u201cego,\u201d transform\u00e1ndonos y emergiendo de nuestra cris\u00e1lida como un \u201cno-yo.\u201d<\/p>\n<p>La Tercera Parte de este libro es una serie de preguntas y respuestas para brindar explicaciones alternativas y coherentes con esos modelos en temas como el dinero, vidas pasadas, karma, confianza y el \u201cEntorno Tierra.\u201d<\/p>\n<p>Este libro le har\u00e1 pensar, porque este libro es verdaderamente radical<\/p>\n<p>Para leer otras cr\u00edticas del libro, pulsar <a title=\"Rese\u00f1as del libro\" href=\"http:\/\/espiritualidad-cuantica.es\/?page_id=68\">aqu\u00ed<\/a>, y otros comentarios sobre el libro <a title=\"Dejar un comentario\" href=\"http:\/\/espiritualidad-cuantica.es\/?page_id=255\">aqu\u00ed<\/a>.<\/p>\n<p style=\"text-align: center;\">Vuelta a <a href=\"http:\/\/espiritualidad-cuantica.es\">Inicio<\/a><\/p>\n<p>&nbsp;<\/p>\n<p style=\"text-align: center;\">~<\/p>\n<p>&nbsp;<\/p>\n<p style=\"text-align: center;\"><strong><b>INTRODUCCI\u00d3N<\/b><\/strong><\/p>\n<p style=\"text-align: center;\"><em>\u00abSweet freedom whispered in my ear<br \/>\nYou\u2019re a butterfly<br \/>\nAnd butterflies are free to fly<br \/>\nFly away, high away, bye bye\u00bb.<\/em><\/p>\n<p style=\"text-align: center;\">(La generosa libertad susurr\u00f3 en mis o\u00eddos:<br \/>\neres una mariposa,<br \/>\ny las mariposas vuelan libres,<br \/>\nvuelan lejos, arriba y lejos, adi\u00f3s, adi\u00f3s.)<\/p>\n<p style=\"text-align: center;\">De <em>Alguien me ha salvado la vida esta noche<\/em>,<br \/>\nm\u00fasica de Elton John, letra de Bernie Taupin<\/p>\n<p style=\"text-align: center;\">~<\/p>\n<p><strong>J<\/strong>orge ten\u00eda un problema.<\/p>\n<p>A pesar de que le iba bastante bien, Jorge estaba descontento en el fondo. Se sent\u00eda vac\u00edo, su vida se hab\u00eda vuelto ins\u00edpida y aburrida, odiaba su trabajo, probablemente ser\u00eda despedido pronto debido a la recesi\u00f3n econ\u00f3mica, la relaci\u00f3n con su esposa se hab\u00eda deteriorado, ya no pod\u00eda comunicarse con sus hijos; no hac\u00eda otra cosa en la vida m\u00e1s que trabajar, comer, ver la televisi\u00f3n y dormir; pod\u00eda contar sus amigos verdaderos con un solo dedo de la mano, y no ve\u00eda forma de cambiar o mejorar nada.<\/p>\n<p>Pero eso no era el mayor problema de Jorge en aquel momento. Su preocupaci\u00f3n m\u00e1s acuciante era que hab\u00eda empezado a caminar dormido.<\/p>\n<p>Una noche, cuando Jorge andaba por ah\u00ed son\u00e1mbulo, se cay\u00f3 en un hoyo muy profundo. Al despertar descubri\u00f3 que estaba tendido en el fondo, vestido s\u00f3lo con su pijama, y que no hab\u00eda nada m\u00e1s que \u00e9l en aquel agujero. Mir\u00f3 hacia arriba y vio el cielo de la ma\u00f1ana, con unas pocas ramas desnudas que se asomaban sobre \u00e9l desde el c\u00edrculo perfecto de luz del Sol. Era el principio de la primavera y el aire estaba bastante fresco. No ve\u00eda a nadie, pero o\u00eda un d\u00e9bil sonido de voces.<\/p>\n<p>Sab\u00eda que ten\u00eda que intentar salir de all\u00ed, pero las paredes del agujero eran verticales, resbaladizas, muy altas y no ten\u00eda nada con qu\u00e9 escalarlas. Cada vez que lo intentaba ca\u00eda de nuevo al fondo, frustrado. Empez\u00f3 a gritar pidiendo ayuda.<\/p>\n<p>De repente, apareci\u00f3 la cara de un hombre mir\u00e1ndole desde lo alto del hoyo.<\/p>\n<p>\u2014\u00bfQu\u00e9 le pasa? \u2014pregunt\u00f3 el hombre.<\/p>\n<p>\u2014Oh, gracias a Dios \u2014exclam\u00f3 Jorge\u2014, estoy atascado aqu\u00ed abajo y no puedo salir.<\/p>\n<p>\u2014Bueno, entonces deje que le ayude \u2014dijo el hombre\u2014, \u00bfc\u00f3mo se llama usted?<\/p>\n<p>\u2014Jorge.<\/p>\n<p>\u2014\u00bfY su apellido?<\/p>\n<p>\u2014Ilarraza.<\/p>\n<p>\u2014\u00bfCon \u201dH\u201d, o sin?<\/p>\n<p>\u2014Sin.<\/p>\n<p>\u2014Enseguida vuelvo.<\/p>\n<p>Cuando la cara desapareci\u00f3, Jorge se preguntaba por qu\u00e9 era tan importante c\u00f3mo se deletrease su apellido. Entonces el hombre volvi\u00f3.<\/p>\n<p>\u2014\u00a1Este es tu d\u00eda de suerte, Jorge! Soy multimillonario y me siento generoso esta ma\u00f1ana.<\/p>\n<p>El hombre dej\u00f3 caer un papelito que ten\u00eda en la mano. El trozo de papel descendi\u00f3 flotando suavemente hasta el fondo del hoyo. Jorge lo recogi\u00f3 y mir\u00f3 otra vez hacia arriba, pero el hombre ya no estaba.<\/p>\n<p>Jorge mir\u00f3 al papelito. Era un cheque de mil d\u00f3lares, extendido a su nombre.<\/p>\n<p>\u201cPero, \u00a1qu\u00e9 demonios!, \u00bfd\u00f3nde voy a gastarlo aqu\u00ed abajo?\u201d, pens\u00f3. Lo dobl\u00f3 y se lo meti\u00f3 en el bolsillo del pijama.<\/p>\n<p>Entonces oy\u00f3 que ven\u00eda otra voz.<\/p>\n<p>\u2014Por favor, ay\u00fademe \u2014grit\u00f3 Jorge al espacio vac\u00edo de arriba.<\/p>\n<p>Apareci\u00f3 una segunda cara de hombre, un rostro amable y compasivo.<\/p>\n<p>\u2014\u00bfQu\u00e9 puedo hacer por ti, hijo m\u00edo?<\/p>\n<p>Jorge vio el alzacuello del hombre cuando \u00e9ste se inclinaba sobre el borde del hoyo.<\/p>\n<p>\u2014Padre, ay\u00fademe a salir de este agujero, por favor\u2026<\/p>\n<p>\u2014Hijo m\u00edo\u2026 \u2014la voz era suave y amorosa\u2014, tengo que decir misa en la iglesia dentro de cinco minutos, no puedo detenerme ahora, pero hoy diremos una oraci\u00f3n especial por ti.<\/p>\n<p>Entonces busc\u00f3 algo en su bolsillo.<\/p>\n<p>\u2014Toma, esto te ayudar\u00e1\u2014, y dej\u00f3 caer un libro en el hoyo antes de marcharse.<\/p>\n<p>Jorge cogi\u00f3 la Biblia, la estudi\u00f3 y trat\u00f3 de imaginarse todas las formas posibles de utilizarla para salir del agujero. Al final se cans\u00f3 y ech\u00f3 el libro a un lado.<\/p>\n<p>El siguiente transe\u00fante era una mujer. Cuando comprendi\u00f3 el aprieto de Jorge le lanz\u00f3 verduras de cultivo ecol\u00f3gico, unas vitaminas y unos suplementos de hierbas.<\/p>\n<p>\u2014Come s\u00f3lo de eso \u2014dijo.<\/p>\n<p>Jorge los puso a un lado, encima de la Biblia.<\/p>\n<p>Un m\u00e9dico se detuvo y le regal\u00f3 unas cuantas botellitas de muestras de medicamentos que le pagaban por repartir aquella semana.<\/p>\n<p>Un abogado pas\u00f3 por all\u00e1 y habl\u00f3 un rato sobre ponerle un pleito al Ayuntamiento por no haber puesto una valla alrededor del agujero. Le dej\u00f3 su tarjeta.<\/p>\n<p>Un pol\u00edtico le prometi\u00f3 que crear\u00eda una ley para proteger a los son\u00e1mbulos si Jorge votaba por \u00e9l en las elecciones del d\u00eda siguiente, suponiendo que pudiera salir del hoyo.<\/p>\n<p>A estas alturas Jorge se hab\u00eda sentado en el fondo del agujero, tiritando un poco por el fresco y empezando a abandonar la esperanza de que alguien le ayudase a salir. Se sent\u00eda solo, desamparado y un poco asustado. Puso las medicinas a un lado, agarr\u00f3 una banana ecol\u00f3gica, la pel\u00f3 y le dio un mordisco.<\/p>\n<p>\u2014Yo puedo ayudarte a salir.<\/p>\n<p>Oy\u00f3 la voz fuerte, convincente y poderosa de una mujer. No estaba seguro\u2026 \u00bfle sonaba esa voz?, \u00bfno la hab\u00eda visto en la tele, o algo?<\/p>\n<p>\u2014T\u00fa s\u00f3lo tienes que abandonar todos los pensamientos negativos, aprender a visualizar y entonces usar la \u201cLey de Atracci\u00f3n\u201d.<\/p>\n<p>\u2014Pero eso es exactamente lo que hago\u2026 Trato de atraer a alguien para que me ayude a salir de este agujero \u2014protest\u00f3 Jorge.<\/p>\n<p>\u2014Ser\u00e1 que no lo haces bien \u2014dijo como respuesta.<\/p>\n<p>La mujer lanz\u00f3 un objeto fino y cuadrado que aterriz\u00f3 a los pies de Jorge.<\/p>\n<p>Jorge le grit\u00f3: \u201cpero\u2026 \u00a1espera!\u201d Ya no hab\u00eda nadie que respondiera.<\/p>\n<p>Agarr\u00f3 el DVD, que a\u00fan estaba envuelto en papel celof\u00e1n, y mir\u00f3 la cubierta: <em>Las ense\u00f1anzas de Abraham, programa m\u00e1ster del curso en DVD.<\/em><\/p>\n<p>\u2014Por lo menos podr\u00edas haberme echado un lector DVD port\u00e1til \u2014musit\u00f3 en voz baja a nadie en concreto.<\/p>\n<p>Poco despu\u00e9s, un budista Zen se sent\u00f3 en la posici\u00f3n del loto en el borde del agujero, con la idea de ense\u00f1ar a Jorge a meditar.<\/p>\n<p>\u2014Aunque s\u00f3lo fuera eso\u2014 dijo el Maestro \u2014, si practicas el tiempo suficiente te sentir\u00e1s mejor por hallarte en el agujero. Y, \u00bfqui\u00e9n sabe?, podr\u00edas ser capaz de levitar para salir de ah\u00ed en unas cuantas vidas.<\/p>\n<p>Jorge estaba a punto de resignarse a estar en el agujero para siempre, cuando oy\u00f3 la voz.<\/p>\n<p>\u2014\u00bfPuedes moverte a un lado y quitarte de en medio?<\/p>\n<p>Jorge mir\u00f3 hacia arriba.<\/p>\n<p>\u2014\u00bfQu\u00e9?<\/p>\n<p>\u2014Que si puedes alejarte del centro del agujero.<\/p>\n<p>Jorge se levant\u00f3 y dio unos pasos hacia un lado. Iba a preguntar \u201c\u00bfpor qu\u00e9?\u201d cuando el hombre salt\u00f3 al agujero y aterriz\u00f3 a los pies de Jorge.<\/p>\n<p>\u2014\u00bfEst\u00e1s loco? \u2014exclam\u00f3 Jorge cuando el hombre se levantaba y se sacud\u00eda el polvo\u2014; ahora estamos los dos juntos en este agujero. \u00bfNo podr\u00edas haberme echado una cuerda, o una escalera, o algo as\u00ed?<\/p>\n<p>El hombre le mir\u00f3 con gentileza:<\/p>\n<p>\u2014Eso no funciona.<\/p>\n<p>\u2014\u00bfC\u00f3mo lo sabes? \u2014le pregunt\u00f3 Jorge, extra\u00f1ado.<\/p>\n<p>\u2014Porque yo ya he estado aqu\u00ed antes y conozco el camino de salida.<\/p>\n<p style=\"text-align: center;\">* * *<\/p>\n<p>Presupongo que buscas ayuda, o no estar\u00edas leyendo este libro. Hay algo que no va bien en tu vida y quieres cambiarlo.<\/p>\n<p>De modo que estoy a punto de saltar a tu agujero, pero no porque yo sienta ning\u00fan deseo u obligaci\u00f3n de ayudar a nadie. Ayudar a alguien es una de las mayores trampas en las que uno puede caer.<\/p>\n<p>Tampoco tengo intenci\u00f3n alguna de convertirme en un profesor (ni tuyo, ni de nadie), o un gur\u00fa, o un instructor, o alguien que pretende tener algunas respuestas o todas ellas.<\/p>\n<p>Si te parece puedes pensar en m\u00ed como un reconocedor del terreno, un explorador de esos que iban con las caravanas de carretas en el Viejo Oeste y cuyo trabajo consist\u00eda en cabalgar por delante de la caravana y buscar un paso sobre las Monta\u00f1as Rocosas para alcanzar el Oc\u00e9ano Pac\u00edfico: en encontrar un camino para que otros pudieran seguirlo con relativa seguridad y a salvo de los elementos y los indios.<\/p>\n<p>No soy el \u00fanico explorador que anda por ah\u00ed, y no afirmo que haya alcanzado el oc\u00e9ano todav\u00eda, pero soy el \u00fanico que ha tomado esta ruta en concreto, ruta que ha resultado eficaz y lo bastante segura para que yo vuelva y hable de ella.<\/p>\n<p>En mi viaje he explorado territorios muy extremos y recolectado un mont\u00f3n de informaci\u00f3n sobre los caminos que funcionan y los que no para beneficio de otros. Esta es la raz\u00f3n principal por la que escribo este libro: transmitir esa informaci\u00f3n, sabiendo que hay otros (no muchos, pero algunos hay) que quieren ir donde yo voy y estar donde yo he estado. Quiz\u00e1 t\u00fa seas uno de ellos.<\/p>\n<p>T\u00fa, tanto consciente como inconscientemente, me has contratado para que sea tu explorador, pero debes saber que no me importa lo que pienses de esta informaci\u00f3n o lo que haces con ella. Puedes tomarla o dejarla. Mi \u00fanico trabajo (y mi total alegr\u00eda) es informar de lo que he encontrado.<\/p>\n<p>De modo que doy el salto a tu agujero porque me parece divertido y lo veo alineado con lo que el universo tiene preparado para m\u00ed en este momento.<\/p>\n<p>Sin embargo, es posible que no quieras que yo est\u00e9 en tu agujero. Debes tomarte esto en serio. Si sigues leyendo llegar\u00e1s a un punto en el que no habr\u00e1 vuelta atr\u00e1s. En cierto modo, por cambiar de met\u00e1fora, es un poco como escalar el Everest: el camino puede ser muy dif\u00edcil tanto f\u00edsica como emocionalmente, y lleva un cierto tiempo.<\/p>\n<p>Como he dicho antes, yo todav\u00eda no he alcanzado la cumbre, pero la tengo a la vista. He ascendido a un punto lo bastante alto durante este camino como para que el agradecimiento, la alegr\u00eda y la serenidad de ser est\u00e9n ya m\u00e1s all\u00e1 de lo que uno pudiera esperar. Lo que s\u00e9 con certeza (y ha sido confirmado en su mayor parte por informes de otros exploradores como testigos presenciales) es que, definitivamente, vale la pena el esfuerzo de llegar hasta la cumbre.<\/p>\n<p>Puede que quieras ir hasta el final, o puede que no. Te avisar\u00e9 cuando lleguemos al punto a partir del cual s\u00f3lo puede uno detenerse o seguir adelante, pero entonces ya no se puede volver atr\u00e1s.<\/p>\n<p>Por otra parte, puede ser que decidas que no quieres salir de tu agujero en absoluto. Si es as\u00ed deber\u00edas dejar de leer ahora mismo. No hay nada \u201cmalo\u201d en que te quedes ah\u00ed, tendr\u00e1s el dinero suficiente, y buena comida ecol\u00f3gica, y libros para leer, y DVD que mirar, y drogas para mantenerte ocupado y entretenido.<\/p>\n<p>Es tu propia elecci\u00f3n.<\/p>\n<p>&nbsp;<\/p>\n<p>&nbsp;<\/p>\n<p style=\"text-align: center;\">Vuelta a <a href=\"http:\/\/espiritualidad-cuantica.es\">Inicio<\/a><\/p>\n","protected":false},"excerpt":{"rendered":"<p>SINOPSIS Cuando Nicol\u00e1s Cop\u00e9rnico descubri\u00f3 que la Tierra no era el centro del Universo, todo cambi\u00f3. Cuando Isaac Newton descubri\u00f3 la Ley de la Gravedad al ver caer una manzana, todo cambi\u00f3. Cuando Benjamin Franklin recogi\u00f3 electricidad de los rayos y Thomas Edison hizo la primera bombilla el\u00e9ctrica, todo cambi\u00f3. Hoy, cuando los f\u00edsicos cu\u00e1nticos [&hellip;]<\/p>\n","protected":false},"author":1,"featured_media":0,"parent":0,"menu_order":0,"comment_status":"open","ping_status":"open","template":"","meta":{"footnotes":""},"class_list":["post-59","page","type-page","status-publish","hentry"],"_links":{"self":[{"href":"https:\/\/espiritualidad-cuantica.es\/index.php?rest_route=\/wp\/v2\/pages\/59","targetHints":{"allow":["GET"]}}],"collection":[{"href":"https:\/\/espiritualidad-cuantica.es\/index.php?rest_route=\/wp\/v2\/pages"}],"about":[{"href":"https:\/\/espiritualidad-cuantica.es\/index.php?rest_route=\/wp\/v2\/types\/page"}],"author":[{"embeddable":true,"href":"https:\/\/espiritualidad-cuantica.es\/index.php?rest_route=\/wp\/v2\/users\/1"}],"replies":[{"embeddable":true,"href":"https:\/\/espiritualidad-cuantica.es\/index.php?rest_route=%2Fwp%2Fv2%2Fcomments&post=59"}],"version-history":[{"count":24,"href":"https:\/\/espiritualidad-cuantica.es\/index.php?rest_route=\/wp\/v2\/pages\/59\/revisions"}],"predecessor-version":[{"id":1031,"href":"https:\/\/espiritualidad-cuantica.es\/index.php?rest_route=\/wp\/v2\/pages\/59\/revisions\/1031"}],"wp:attachment":[{"href":"https:\/\/espiritualidad-cuantica.es\/index.php?rest_route=%2Fwp%2Fv2%2Fmedia&parent=59"}],"curies":[{"name":"wp","href":"https:\/\/api.w.org\/{rel}","templated":true}]}}